).
4
Let g(b) = -b + 3. Let s be (-1 + -3)*1*6/(-8). Calculate g(s).
0
Let g = 0 + 4. Let f(s) = -6*s - 3*s**2 + s**2 + s**2 + g + 2. What is f(-6)?
6
Let o(d) = -d**2 - 14*d - 41. Let t be o(-9). Let c(y) = -3*y + 5. Determine c(t).
-7
Let n(a) be the second derivative of 0*a**3 + 0*a**2 + 1/12*a**4 + 0 - 2*a. Determine n(-1).
1
Let n(r) = -49*r + 42. Let h(l) = 5*l - 4. Let x(k) = -21*h(k) - 2*n(k). Determine x(1).
-7
Let d(g) be the first derivative of g**3/3 + 3*g**2 + 5*g - 6. Calculate d(-4).
-3
Let k(h) = 4*h**3 + h. Let m = -68 - -69. What is k(m)?
5
Let t(g) be the second derivative of -1/30*g**5 + 0 - 1/120*g**6 - 1/12*g**4 + 1/3*g**3 + 2*g + 1/2*g**2. Let v(d) be the first derivative of t(d). Give v(-2).
6
Let z(u) = -u**3 - 3*u**2 + 3*u - 1. Let q = 102 - 106. Calculate z(q).
3
Let v(k) = k**3 + 8*k**2 + 2*k + 12. Let t be v(-8). Let s(a) = -a**2 - 7*a + 3. Let n(m) = -2*m**2 - 15*m + 6. Let f(p) = -2*n(p) + 5*s(p). Calculate f(t).
7
Let n be ((-4)/3)/((-2)/(-6)). Let m be ((-2)/(-8))/((-3)/(-12)). Let z(o) = 0 - 3*o - m - 4. Calculate z(n).
7
Let f = -47 - -48. Let s(x) = 4*x**3 + x**2. Calculate s(f).
5
Suppose -2*a + 24 = -0*a. Suppose 5*x = -4*n - 89, -2*x = -3*x + 3*n - 14. Let w = a + x. Let o(b) = b**3 + 4*b**2 - 3*b - 1. Calculate o(w).
-11
Suppose -2*a - 16 = 2*a. Let m(f) = -f**3 + 7*f**2 - 6*f - 5. Let c be m(6). Let d(y) = 4*y**2 - 6*y - 3. Let k(w) = w**2. Let h(g) = c*k(g) + d(g). Give h(a).
5
Let c(t) = -t**3 + 4*t**2 - 2*t + 4. Let l = 10 + -2. Suppose 0 = 2*i - 4*i + l. What is c(i)?
-4
Let c be 90/21 + (-2)/7. Let p(b) be the third derivative of b**6/120 - b**5/12 + b**4/6 + b**3/2 + 3*b**2. Determine p(c).
3
Let a(v) = -5*v**3 - v**2 + 1. Let g be a(-1). Let p(w) = -w**3 + 5*w**2 - 3*w + 3. Calculate p(g).
-12
Let r(i) be the first derivative of i**3/3 - 5*i**2/2 - 2*i - 3. Let t(j) = j**2 - 5*j - 3. Let a(w) = 5*r(w) - 4*t(w). Give a(3).
-4
Let c(n) = -n - 5. Let z = 17 + -24. Let y(f) = f + 7. Let r(s) = z*c(s) - 5*y(s). Let i(g) = -g**2 + 13*g - 13. Let q be i(12). Give r(q).
-2
Let q(h) be the first derivative of h**2/2 + h - 2. Let g be q(2). Let z(d) = -1 + 0 + 4*d**g + 3*d**3 - 5*d**3. Determine z(-1).
-3
Let l = 5 + -1. Let v(z) = 0*z**2 + z**2 + z + z - l*z. Calculate v(-2).
8
Let a(x) be the third derivative of x**6/40 - x**4/6 - x**3/2 + 7*x**2. Let g(v) = -2*v**3 + 2*v + 1. Let j(h) = 2*a(h) + 5*g(h). Calculate j(1).
-3
Let g(d) = -d**2 - 4*d - 6. Suppose 0 = -2*t + 21*w - 18*w + 5, -15 = 3*w. Calculate g(t).
-11
Let a(y) = 7*y + 14. Let i be a(-3). Let o(d) = -2*d + 2. Give o(i).
16
Let o(t) be the second derivative of t**3/6 + t**2 - 2*t. Let h = 18 - 16. Suppose 3*z = -h*z. Give o(z).
2
Let d(a) = -a + 1. Let s(n) = -1. Let o(l) = -4*d(l) - 3*s(l). Let f be o(1). Let h(v) = 2*v**f - 3*v**3 - v + 0 - 1. Calculate h(-1).
1
Let q(l) be the third derivative of l**4/8 - l**3/6 + l**2. Suppose 3*h = -3, 2*a - 3*h = -3 - 86. Let j = 43 + a. Determine q(j).
-10
Suppose 3*n - 6*n + 5*h - 39 = 0, 5*h + 65 = -5*n. Let p(c) = -2*c + 1. Let y(m) = -m. Let r(k) = n*y(k) + 6*p(k). Let b = 9 + -13. Determine r(b).
2
Let d(t) = 8*t**2 - 4*t**2 - 1 + 0*t + t**3 + 0*t. Let b(v) = v + 5. Let j be b(-4). Let f = -5 + j. Give d(f).
-1
Let v be (9/(-6))/((-2)/4). Let h(q) = -3 + 0*q**v + 4*q + 5*q**2 + 2 - q**3 + 2*q**3. Calculate h(-4).
-1
Let l(v) be the second derivative of 0 + 1/2*v**2 - 7/6*v**3 + 1/12*v**4 + v. Determine l(5).
-9
Suppose -z = -y + 6*y + 21, -3*y - 4*z = 16. Let u(o) = 2*o. Give u(y).
-8
Let m(j) = 2 - 2*j + 2*j + 3*j - 4*j. Give m(-2).
4
Let k(g) be the first derivative of 1 - 1/2*g**2 - 4*g. Suppose 0 = 2*s - 4*j - 10, -5*j + 0*j - 20 = 0. Calculate k(s).
-1
Let q(y) be the third derivative of y**5/20 - y**4/8 + 10*y**2. Suppose 0 = w + w - 4. Give q(w).
6
Let x(o) = o**2 + 9 - 13 - 3*o + 0*o**2. Give x(3).
-4
Suppose 4 = a + 8. Let h(b) = -9*b + 3. Let p(u) = 26*u - 8. Let d(j) = 14*h(j) + 5*p(j). Determine d(a).
-14
Let g(k) = -k**2 - 4*k. Let u be g(-4). Let t(c) = -5*c + 9 + c**2 + u*c**2 - 6. Give t(5).
3
Suppose -4*b + 9*b + 15 = 0. Let q be 0/((0 - -2) + b). Suppose q = -5*h - 4 - 6. Let f(o) = -2*o**2 - 2. Determine f(h).
-10
Let l(q) = -q**2 - 4*q - 2. Let n be (-1)/((-8)/(-3) + -3). Suppose 5*g + 17 + n = 0. Let f be l(g). Let m(u) = 2*u**2 - u - 2. Determine m(f).
8
Let n(h) = -h**3 + 1. Suppose 6 = 2*y - 4. Suppose l = y*l + 4. Give n(l).
2
Let i(v) be the third derivative of -v**5/60 - v**4/8 + v**3/6 + 68*v**2. Determine i(-4).
-3
Let b(k) = -2*k**3 + 13*k**2 - 13*k - 15. Let z(r) = -r**3 + 6*r**2 - 6*r - 7. Let o(n) = -6*b(n) + 13*z(n). Calculate o(-1).
0
Let t(m) = 2*m + 3. Let b be t(-2). Let j(n) = -8*n**3 + 6*n**2 + 4*n - 7. Let i(z) = 16*z**3 - 13*z**2 - 9*z + 15. Let v(u) = 6*i(u) + 13*j(u). Give v(b).
9
Let p = -8 - -3. Let v be (p - -5)*(-1)/(-1). Let i be -1 + 0 - (-3 - v). Let t(w) = w**2 - w. Give t(i).
2
Let m(v) = -v - 1. Let r(u) = u + 10. Let j(t) = -2*m(t) - r(t). What is j(5)?
-3
Suppose -m - 4*f = 36, -4*f + 3*f = 5*m + 104. Let r = m + 19. Let c(s) be the second derivative of -3*s**5/20 + s**4/12 + s**3/6 + s. What is c(r)?
3
Let d(o) = -o - 4. Let f be d(8). Let n be (-4)/f*21 - 1. Let h(p) = -p**2 + 9*p - 8. Give h(n).
10
Let y(l) = -3*l + 4 + 2*l + 0. Let c be 2/(-6) + 64/12. Determine y(c).
-1
Let j(i) = 14 + 2 + 10*i**2 - 17. Calculate j(-1).
9
Let b(a) be the third derivative of 11*a**5/60 - a**4/24 + a**3/6 + 2*a**2. Calculate b(1).
11
Suppose 5*z = 7*t - 2*t + 20, 3*t - 2*z = -13. Let q(n) = -4*n + n + 2*n + 7 - 15. Calculate q(t).
-3
Let x(c) = c - 14. Let u be x(6). Let t = u - -14. Let i(n) be the second derivative of n**4/12 - 4*n**3/3 + 5*n**2/2 + n. What is i(t)?
-7
Let a be 2/(-10) - (-12)/10. Let t(c) = 1 - 3*c - a. Give t(-2).
6
Let w(p) be the third derivative of -p**7/2520 + p**6/180 - p**5/30 - p**4/24 + p**2. Let y(d) be the second derivative of w(d). Calculate y(3).
-1
Let r(y) = -y**3 - y**2 + 4*y + 3. Suppose -5*j + 118 = 128. Give r(j).
-1
Suppose -18 = -4*q + 5*q - 5*s, -2*s = 5*q + 9. Let n(j) = -j**3 - 4*j**2 - j - 1. Determine n(q).
-7
Let o(r) = -r**2 + 3*r + 0 - r + 2*r - 1. Let k = 6 - 2. Determine o(k).
-1
Let a(c) = c**3 - 3*c**2 + 2*c - 2. Suppose 4*j + 2 = 46. Let g(n) = n**2 - 11*n + 3. Let w be g(j). What is a(w)?
4
Let f(n) be the third derivative of -n**4/8 + n**3/6 + n**2. Let p = -5 - -4. Calculate f(p).
4
Let k(i) = 6*i + 2. Let h(l) = 11*l + 4. Let n = -6 - -3. Let a(y) = n*h(y) + 5*k(y). Give a(-3).
7
Let r = -74 - -124. Let j be 2/2 + r/10. Let n(b) = b**3 - 5*b**2 - 4*b - 5. Determine n(j).
7
Let f(x) = 4*x - 5. Let h(u) = 9*u - 10. Let j(b) = 5*f(b) - 2*h(b). Suppose -2*l = 33*l - 140. Calculate j(l).
3
Let m(j) = j**2 + 2*j. Let y(i) = 2*i**2 + 5*i. Let a(v) = 5*m(v) - 2*y(v). Let z = 5 + -3. What is a(z)?
4
Let n(l) = l**3 - 6*l**2 - 2*l + 8. Let h be n(6). Let f(r) = r**3 + 5*r**2 - r - 3. Give f(h).
17
Let l(q) be the third derivative of -q**7/1008 - q**6/720 + q**5/20 - q**2. Let s(m) be the third derivative of l(m). Calculate s(1).
-6
Let w(d) = d**2 + 2*d + 4. Let u(t) = t + 10. Let y(v) = -v - 10. Let q(f) = -7*u(f) - 6*y(f). Suppose -12 - 23 = 5*o. Let x be q(o). What is w(x)?
7
Let m = -28 - -57/2. Let h(s) be the first derivative of m*s**2 - 4*s - 1. What is h(-3)?
-7
Suppose -g + 3*g = 4. Let c(s) = s**2 + 3*s**2 + 1 + g*s**2 - s. Suppose 4*x + 4 = 8*x. What is c(x)?
6
Let g(w) = w. Suppose -4*k - 5*v + 7 = 0, -v + 6 = 3*k + 2*v. Give g(k).
3
Suppose -51 = -3*u + 15. Suppose -5*a + 5 = -2*c - 21, -4*a + u = -c. Let d(h) = a*h - 2 + 0*h**2 - 1 + h**2. What is d(-6)?
-3
Let u(y) be the first derivative of y**2/2 - 6*y - 1. Let n be (-30)/(-9)*21/(-14). Calculate u(n).
-11
Let r(s) be the second derivative of -s**4/12 + 2*s**3/3 + 5*s**2/2 - 9*s. What is r(4)?
5
Let x = -8 + 12. Let i(m) = 3 + 2 - x + m. Give i(-3).
-2
Suppose -3*s - 1 = -2*w, 5*w = -5*s + 4*w + 20. Let j(d) = 7*d**2 + d**s + 3*d + 6 + 4*d + 0*d. Let h be j(-6). Let r(g) = g**3 + g - 2. Give r(h).
-2
Let m(i) = -7*i**3 + 4*i**2 - 6*i + 7. Let v(j) = -13*j**3 + 7*j**2 - 11*j + 13. Let w(k) = 11*m(k) - 6*v(k). Determine w(-2).
-1
Let j(y) be the third derivative of 0 + 1/2*y**3 + 4*y**2 + 0*y + 5/24*y**4. Calculate j(-3).
-12
Let s(l) = -